5, -r - 1 = -0*r. Is h prime?
False
Suppose -3*w = -w - 148. Is w a composite number?
True
Let i(r) = r**3 + 2*r**2 + 2*r - 3. Let d be i(2). Let b(a) = -d*a + 0 + 0 - 1. Is b(-2) a prime number?
False
Let p(n) = n**3 - 8*n**2 + 5. Let r be p(8). Suppose -r*s + s = -148. Is s a prime number?
True
Let m(o) = -21*o + 77. Is m(-24) composite?
True
Is (10 + -13)*(-4714)/6 prime?
True
Is ((-326)/(-2) - 3) + -2 prime?
False
Let y(m) = 3*m - 3. Suppose 5*z - 2 = -5*j + 18, -4*z - 2 = -5*j. Let d be y(z). Suppose 0 = 2*q - d*q + 35. Is q a prime number?
False
Let z be (-3)/3*-2 + 2. Suppose 2*r - 2*j - 176 = 0, 0*j - 317 = -z*r - 3*j. Is r composite?
False
Suppose -3*t = -5*z + 13, -4*z - 7*t + 3*t = -36. Suppose 1423 = z*g - 252. Is g a prime number?
False
Suppose -2*r = -5 - 9. Suppose -19 = -w + 5*q, 2*q = -4*w - r - 5. Let m(k) = -25*k. Is m(w) a composite number?
True
Is (159/(-12))/((-3)/24) prime?
False
Let f(t) = -211*t**3 - 2*t**2 - 2*t. Is f(-1) a composite number?
False
Suppose v - 511 = 5*a - 3*v, 314 = -3*a - 5*v. Let s = a + 158. Is s composite?
True
Suppose 5*f - 2696 = -3*f. Is f prime?
True
Suppose -32 = -b - 3. Let a = b + -14. Is a a prime number?
False
Let q be 1/(-3) - (-185)/15. Let b(y) = -y + 6. Let i be b(6). Suppose 4*r - 27 = -c, -2*r - 2*c = -i*c - q. Is r a prime number?
True
Suppose v = 4*t + 50 + 169, -5*v + 1114 = -t. Is v prime?
True
Let c(x) = -2*x + 10. Let z be c(8). Let v be (-316)/z - 2/(-6). Suppose -v = -d - p - 2*p, -5*d + p = -265. Is d a prime number?
True
Let f = -3 + 4. Is 3 - (1 - 5/f) prime?
True
Let o be (4 - (-1 - -2)) + 1. Let a(m) = 52*m + 2. Let w be a(o). Suppose 5*j + 35 - w = 0. Is j a composite number?
True
Let z(i) = -8*i**3 - 2*i**2 - 3*i + 2. Let g(t) = -23*t**3 - 6*t**2 - 8*t + 5. Let f(r) = -6*g(r) + 17*z(r). Is f(3) prime?
True
Suppose u + 5*f - 1140 = -361, -f + 3116 = 4*u. Is u prime?
False
Let n be (1 + -114)*(-1 - -12). Let o(r) = -24634*r**2 + 1243. Let x(i) = -119*i**2 + 6. Let j(t) = n*x(t) + 6*o(t). Is j(-1) a composite number?
False
Suppose 4*h + 8*q - 4*q = 132, 2*h = -3*q + 64. Is h a composite number?
True
Let p(k) = 55*k**2 + 2*k - 2. Is p(-3) composite?
False
Is ((-1)/2*7)/((-1)/134) a composite number?
True
Let t = 7 + -5. Suppose t*i - 7 = 5. Is (-2)/(i/(-393) - 0) composite?
False
Suppose 3*l = x - 2500, -l + 0*l + 1 = 0. Is x a composite number?
False
Suppose 15 = m + 4*m. Suppose 0 = -2*y - m*q + 123, 6*q - 320 = -5*y + q. Is y composite?
True
Let m = 64 + -7. Let h = m + 20. Is h prime?
False
Let b(v) be the third derivative of v**5/60 - v**4/24 - 5*v**3/6 + 2*v**2. Let t be b(-6). Let m = t - 16. Is m a prime number?
False
Is (-6)/24 + (-426)/(-8) composite?
False
Is ((-36)/(-54))/((8/10554)/2) composite?
False
Let f(h) = 11*h + 12. Is f(5) prime?
True
Suppose -y = -3*y. Suppose 2*h - 5*a + y = 57, -2*a = -3*h + 80. Is h prime?
False
Suppose -3228 = -7*m + m. Is m a prime number?
False
Let z = -160 + 309. Is z prime?
True
Let c(k) = -k - 5. Let s be c(-7). Is (-207)/(-3)*(s + -1) prime?
False
Suppose 0*k - 2*k = -10, 3*k = -4*l + 571. Is l prime?
True
Is 4 - (981/(-12) - 12/(-16)) a prime number?
False
Let h(z) = z**3 + z**2 - z + 1. Let y = 15 - 11. Is h(y) composite?
True
Suppose 1 + 1 = -2*p + 2*l, -2*p + 4*l = 8. Suppose 0 = 4*k - p*k - 92. Let m = k - 9. Is m a prime number?
True
Let h(n) = -9*n**3 + 4*n**2 - 12*n - 3. Is h(-6) a composite number?
True
Let h(v) = 5*v**2 - 3*v + 4. Is h(9) prime?
False
Let r(c) = 18*c**2 + 4*c - 5. Is r(-6) a composite number?
False
Let y(j) = -26 + 23 - 13*j - 35*j. Is y(-8) a prime number?
False
Suppose 618 = -4*b + 3414. Is b a prime number?
False
Let t = -578 - -1467. Is t a composite number?
True
Let q = 1 + -1. Suppose q = 7*a - 3*a. Suppose a*m = -3*m + 147. Is m a prime number?
False
Is (1*(-4490)/15)/((-6)/9) composite?
False
Let p = -1837 - -2714. Is p composite?
False
Let r = 16 - 11. Suppose 0*a - r*a = 805. Let c = 276 + a. Is c a composite number?
True
Suppose 3290 = 5*v + 5*q, q + 3330 = 5*v - 2*q. Let o(a) = a**3 - 5*a**2 + 2*a - 6. Let n be o(5). Suppose n*x - v = 149. Is x a composite number?
True
Let p(w) = 127*w + 25. Is p(6) a composite number?
False
Let j = -8 + 8. Suppose j*b + b - 4 = -3*u, 5*b - u = 68. Is b a prime number?
True
Let s = -678 + 995. Is s a composite number?
False
Suppose -z + 3*k = -441, 609 = z + 3*k + 156. Is z a prime number?
False
Let h(g) = -3*g - 4. Let y(p) = 4*p + 4. Let d(t) = 3*h(t) + 2*y(t). Let q be d(-8). Suppose q*o = -3*k + 159, -5*o = k - 0*k - 64. Is k a composite number?
True
Let h(n) = -n + 55. Suppose 4*a = 8 - 0. Suppose 7*f = a*f. Is h(f) prime?
False
Suppose 0 = -6*f + 16*f - 670. Is f a prime number?
True
Let p be 1 + (-2 - (-5)/1). Suppose p*f = 8*f - 152. Is f a composite number?
True
Let d be (-1026)/12*(-4)/2. Suppose -3*f + d = -120. Is f composite?
False
Suppose 0 = -t + 40 + 25. Let s = t + 20. Is s a composite number?
True
Suppose 0 = -227*o + 222*o + 12605. Is o a composite number?
False
Suppose 4*b + b - 165 = 0. Is b prime?
False
Suppose -4*f - f - 1325 = -5*z, z - 2*f = 265. Is z prime?
False
Suppose -b - 4*b - 654 = -3*t, -2*b + 229 = t. Is t prime?
True
Let h = -82 - -117. Is h a prime number?
False
Suppose 0 = -0*r - r + 3. Suppose -3*a - q = 8, -r*a + 2*q = a - 6. Is 4/a*22/(-8) composite?
False
Let m be (-1)/2*(-3 - -3). Suppose m = -2*u + 94 - 28. Is 1*(u*3 - 2) a composite number?
False
Let u = 1 - -2. Suppose u*s - c = 14, -5*c - 27 = -2. Suppose -7*y + 148 = -s*y. Is y prime?
True
Let u(t) = -2*t + 2*t + 1 - 4*t**3. Let v be u(-1). Suppose 26 = v*x - 24. Is x a composite number?
True
Suppose -2*i + 3*i = 0. Let r(j) be the third derivative of j**4/24 + 37*j**3/6 - j**2. Is r(i) a composite number?
False
Let r be (18/15)/(2/(-10)). Is 674*(3/r)/(-1) prime?
True
Suppose -46*n = -48*n + 194. Is n a prime number?
True
Suppose -3*j + 758 = 4*u - j, 0 = 5*u - j - 958. Is u prime?
True
Let a = 201 - 80. Suppose u - 102 = -2*u. Let m = a - u. Is m composite?
True
Let x(p) = 0*p - 3*p + 10 + 4*p. Is x(9) prime?
True
Let o(t) = -t**2 - 5 - 2*t**2 - 11*t + 2*t**2. Is o(-7) prime?
True
Let n = 4 - 2. Suppose n*i - 365 = 23. Is i a composite number?
True
Let w = -202 - -100. Let k = w + 169. Is k composite?
False
Suppose 0 = -4*g + 225 + 35. Is g a prime number?
False
Let m = 449 - 785. Is (m/(-4) - -1)/1 a composite number?
True
Suppose 9*w - 25 = 4*w, -5*n + w - 2815 = 0. Let x = n + 394. Is x/(-30) + 4/10 prime?
False
Suppose 2*z + 0*z = 3*s + 292, 3*z + 5*s - 438 = 0. Suppose -3*g + 241 = -b, -2*g - b + z = 2*b. Is g a prime number?
True
Suppose -4*u = 4*d - 4232, 2*u + 2128 = -0*d + 2*d. Is d composite?
False
Is 12/(-15) + 6503/35 a composite number?
True
Let a be 2/(-5) - (-574)/10. Suppose 4*x = x + a. Is x composite?
False
Let m = -22 - -16. Let v = 9 + m. Suppose -i = v*i - 212. Is i a prime number?
True
Is (-1425)/(-27) - (-4)/18 composite?
False
Let v(u) = -7*u**3 - 3*u**2 + u + 2. Let x be v(2). Let h = 111 + x. Is h prime?
True
Is (-47 - -1)*9/(-6) prime?
False
Let w(d) = -d**3 - 3*d**2 + 6*d - 26. Is w(-10) a composite number?
True
Let h be ((-5)/(-3))/(1/3). Suppose h*u + 5*j = u - 17, 5*j = -25. Suppose 76 = 2*y + u*y. Is y prime?
True
Is -94*(-2)/(-4)*-7 a prime number?
False
Suppose -2*g + 4*g + 3*t = 4, 3*t - 12 = 0. Let x = g - -4. Suppose 2*w + x*w = 20. Is w prime?
False
Let d be ((-2440)/10)/((-2)/(-7)). Is (-3)/6*1*d a composite number?
True
Let r(c) = -c**2 - 9*c + 4. Let h be r(-9). Suppose 0 = 4*v + 4*w - 228, 3*v - h*w - 122 = 35. Is v a composite number?
True
Suppose -y = 4*j + 2*y - 12, -j + 5*y = -3. Suppose 4*d - 47 = j*d. Let v = d - 16. Is v prime?
True
Let r(q) = -q**3 + 34*q**2 + 11*q - 17. Is r(14) a prime number?
True
Let z(s) = 5*s**2 - 8*s + 4. Let d be z(-7). Let v = d + -218. Is v prime?
False
Suppose 4*y - y - 57 = 0. Suppose t + h = y, -49 = -3*t - 0*h - 5*h. Is t prime?
True
Let u = 5 + -9. Is 96 + 1*(u + 3) a composite number?
True
Let y be (4/6)/((-4)/(-18)). Suppose -4*a - a + 166 = y*c, 3*c = -a + 146. Is c a prime number?
True
Let g = 526 - 94. Is 2 + g/2 - 1 a prime number?
False
Let r(u) = -362*u + 11. Is r(-6) composite?
True
Let k = -5 + 6. Is 4/((-2)/k) - -23 prime?
False
Let m be (-4)/10 - 23/5. Let f